 (-6)/(-48)*-17096?
2137
Let m be (1 - (-2 + -7))*24/(-30). What are the prime factors of ((-2)/m)/(5/17180)?
859
Let u = -37 + -62. Let f = -95 - u. List the prime factors of (87/12)/(f/32).
2, 29
Suppose -54*o + 253900 - 12412 = 0. List the prime factors of o.
2, 13, 43
Suppose j = 2*j - 100. Suppose j = -4*m + 14*m. Let p(o) = o**3 - 9*o**2 - 13. What are the prime factors of p(m)?
3, 29
Let d be 548*((-20)/8 + 3). Let q = d + 146. List the prime factors of q.
2, 3, 5, 7
Let m be (-12)/((8/(-2))/2). Let z be (1 - 1) + (24/m - 2). Suppose 0*o - 3*o + 165 = z*p, 5*p - 475 = 5*o. What are the prime factors of p?
2, 3, 5
List the prime factors of (0/(-4) + 106)*6708/104.
3, 43, 53
Let r be (2 - (-202)/8)/(3/(-12)). Let s be (-3)/(-6) + r/(-2). Suppose s = -2*c - 2*v + 243, -5*c + 471 = 4*v. What are the prime factors of c?
5, 19
Let w(k) = 13*k + 967. List the prime factors of w(0).
967
Suppose 3*k = -6, -251*o + 4*k = -246*o - 125583. What are the prime factors of o?
5, 5023
Let k = 20846 + -10630. List the prime factors of k.
2, 1277
Let j be (-13)/(91/2) + 35592/14. What are the prime factors of (j/(-8))/(-1) - 11/(-44)?
2, 3, 53
Let p(f) = f**3 - 11*f**2 + 10*f + 3. Let o be p(10). Suppose o*l - 12 = k, 0 = -l + 6*l - 4*k - 27. Suppose d = -l*d + 524. What are the prime factors of d?
131
Suppose y - 61 = 4*h, -4*h + 3*y - 70 = 1. Let l = 411 - h. List the prime factors of l.
5, 17
Let c = 3506 - 1040. What are the prime factors of c?
2, 3, 137
Suppose -5*s = -4*d - 144937, -325*s + d + 144958 = -320*s. What are the prime factors of s?
79, 367
Let u = 20209 - 8278. What are the prime factors of u?
3, 41, 97
Suppose 3*z = -v + 4, 0*z - 2*v = -5*z - 8. Suppose z = -44*h + 45*h - 696. What are the prime factors of h?
2, 3, 29
Suppose -31*n + 39848 + 33456 = -3*n. List the prime factors of n.
2, 7, 11, 17
Suppose -j - 1372 = -4*m, 8*j - 1029 = -3*m + 11*j. Let n = m + 1375. What are the prime factors of n?
2, 859
Let g = -52 - -47. Let c(i) = i**3 + 6*i**2 - 3*i - 5. Let w be c(g). What are the prime factors of -120*(3/(-2) - w/(-50))?
2, 3
Let m = 15342 + -4633. What are the prime factors of m?
10709
Suppose 0 = -n + 4*d + 20972, 384*d - 382*d - 83744 = -4*n. List the prime factors of n.
2, 3, 5, 349
Suppose -4*d + 3*t = -89627, 3*d - 221*t + 222*t - 67204 = 0. List the prime factors of d.
43, 521
Suppose -147 = -d + 77*a - 79*a, 0 = -3*d + 5*a + 485. Suppose -2*y + 1181 = -d. List the prime factors of y.
2, 167
Suppose 6*g - 42 + 282 = 0. List the prime factors of g/60*(-2)/((-4)/(-507)).
13
Suppose 2*i + 47 = 5*f, 14 = f + f + 4*i. Let h(m) be the third derivative of m**5/30 - 7*m**4/12 + 17*m**3/6 - 2*m**2. What are the prime factors of h(f)?
53
Let f be (-37)/148 + (-25)/(-4). Suppose -f*c = -3*c - 3*a - 582, 0 = 4*c - 3*a - 772. List the prime factors of c.
2, 5, 19
Suppose 105139 = -154*r + 201*r. List the prime factors of r.
2237
Let f = -301 - -792. Suppose 0 = -492*h + f*h + 1218. What are the prime factors of h?
2, 3, 7, 29
Let o be (4/(-4))/((-2)/26). Suppose 0 = -8*i + o*i - 270. List the prime factors of (-5)/(15/18)*i/(-3).
2, 3
What are the prime factors of ((-986)/(-102))/(1586/396 - 4)?
2, 3, 11, 29
Let k(w) = -54*w + 20. Let a be k(-15). Suppose -2*f + a = 5*i, 5*i - 677 = i + f. Suppose 2*j = 4*j - i. What are the prime factors of j?
2, 3, 7
Suppose -u = 3*l - 20 + 83, 2*l = -u - 66. Let a = 37 + u. Let v = a + 85. List the prime factors of v.
2, 5
Let f(h) = 24*h**2 + 24*h - 166. List the prime factors of f(-16).
2, 2797
Let y be 81065/(-248) + (-2)/16. Let i = 423 + y. List the prime factors of i.
2, 3
List the prime factors of 1875 - (-3 - 2)*(-12 - 63/(-5)).
2, 3, 313
Let g = -177 + 175. What are the prime factors of g + 44 + ((-8)/(-2) - 0)?
2, 23
Let z(v) = 306*v + 8592. What are the prime factors of z(113)?
2, 3, 5, 1439
Let r be 11/((-220)/(-25128)) + (-6)/(-10). Suppose -3*m = -4*x + r, -6*x + 4*m + 636 = -4*x. List the prime factors of x.
2, 3, 13
Let v(i) = -i**2 + 5*i + 12. Suppose -5*t + 8 = -22. Let p be v(t). List the prime factors of p/2 + (104 - 3).
2, 13
Suppose -91*y + 4*y = -587946. What are the prime factors of y?
2, 31, 109
Suppose -2*b + 8 = -2, 0 = -2*u + b + 3. Suppose -2*n + u = -2. Suppose -n*q - q = -504. List the prime factors of q.
2, 3, 7
Suppose 13*c = -2*x + 18*c + 86510, -4*x + 7*c = -173026. List the prime factors of x.
2, 3, 5, 7, 103
Let k(v) = v**3 + 3*v**2 + 9*v - 9. Let d be 28*(-6)/(-20 + -4). List the prime factors of k(d).
2, 17
Let k(a) = 11*a**2 - 1111*a - 149. What are the prime factors of k(119)?
13, 1801
Let s(h) = -h**2 + 26*h + 50. Let c be s(15). Suppose -7*d + c = -359. What are the prime factors of d?
2, 41
Let m(v) = 6*v**2 + v - 16. Let g(z) = 7*z**2 - 17. Let r(a) = -5*g(a) + 6*m(a). Let h be r(2). Suppose 0 = h*y + 23 - 498. What are the prime factors of y?
5, 19
Let m = -115 + 165. Let q be (-264)/(-15)*m/4. Suppose -2*x = -q + 66. List the prime factors of x.
7, 11
Let c(z) = 1113*z**3 - 18*z**2 + 57*z + 8. What are the prime factors of c(4)?
2, 5, 3559
List the prime factors of (-6)/(-45)*5 + (-4 - (-35020)/12).
5, 11, 53
Let t be 1083824/196 + 4/14. Suppose -4*d - t = -18*d. What are the prime factors of d?
5, 79
Let h(u) be the first derivative of 1/4*u**4 - 8/3*u**3 - 5 - u**2 - 7*u. What are the prime factors of h(9)?
2, 7
Let f(d) = -d**2 + 19*d + 5. Let r be f(19). Suppose 0 = r*z - 5. Let w(n) = 146*n**2 - n + 2. List the prime factors of w(z).
3, 7
What are the prime factors of (46350/(-10) + -14)*-1?
4649
Let b(f) be the second derivative of -f**3 + 38*f**2 + 134*f. What are the prime factors of b(-11)?
2, 71
Let t = 582 + -578. Suppose -t*g - 2*j = -3658, -g = 4*g + 4*j - 4568. List the prime factors of g.
2, 229
Let c be (-16)/2 - 38472/(-42). Let h = c - 250. What are the prime factors of h?
2, 7, 47
Suppose 22*n - 266 - 20 = 0. What are the prime factors of ((-234)/12)/n*1720/(-6)?
2, 5, 43
Let v be (116*1)/(-12*(-8)/48). Suppose -63*j + v*j + 1000 = 0. What are the prime factors of j?
2, 5
Suppose 5*z - 12 = 8*z. Let j be 0*z/(-20)*1. Suppose 8*r + 345 = 2*w + 13*r, 3*w + 5*r - 515 = j. What are the prime factors of w?
2, 5, 17
Suppose -728 = -7*u + 266. Suppose -4*o = -f - 756, o + 3*f - u = 34. Let d = -131 + o. List the prime factors of d.
3, 19
Let c(j) = -45*j + 590. Let g be c(9). Let o(d) = -d**3 - 2*d**2 - 2. Let i be o(-3). Suppose -i*x + 2*x + g = 0. What are the prime factors of x?
37
Let o be 6 - (-4 + 1)/(-1). Suppose -13*a + 6848 = o*a. What are the prime factors of a?
2, 107
Let x be -4 + 62 + 18/3. Let j(q) = 3*q**2 - 7*q - 7. Let w be j(6). Suppose -290 = -x*p + w*p. What are the prime factors of p?
2, 29
Let f = -6028 - -7019. What are the prime factors of f?
991
Suppose 15*x = 711515 - 210275. Suppose -x - 5149 = -45*z. What are the prime factors of z?
857
Let k(j) = 2*j**2 - 25*j - 12. Let f be k(13). Suppose f = -z - 5*m, 0 = 3*z - 4*m - 8 - 8. What are the prime factors of z?
2
Let o(w) = -1920*w - 1473. What are the prime factors of o(-3)?
3, 1429
Suppose 191400 = 7*x + 7*x + 16162. What are the prime factors of x?
12517
Let k = -62 + 113. Let w = k - 50. What are the prime factors of w/5 - (-3 + 936/(-20))?
2, 5
Suppose 0 = -21*w + 33576 + 23943. Suppose 2*m = 3*m + 3, 0 = 4*l - m - w. List the prime factors of l.
2, 3, 19
Let v(k) = -4*k**2 - 6*k - 10. Let c be v(5). Let t be (-1 - 6/(-9))*-21. List the prime factors of (-1)/t*-2 + (-16060)/c.
5, 23
Let c = 4517 + -7882. Let i = c - -5146. What are the prime factors of i?
13, 137
Suppose -6065 = -s + 5*c, 2*s + 3*c = 5898 + 6206. List the prime factors of s.
5, 7, 173
Let p = 16 + -16. Suppose 96 = -p*j - 6*j. List the prime factors of (-65 + 1)*(36/j)/1.
2, 3
Let j(t) = -451*t - 1372. What are the prime factors of j(-9)?
2687
Let m be (-28)/(-10) - 2 - 1215/(-75). Suppose c + 935 = u, -5*u + m*c - 22*c = -4715. List the prime factors of u.
3, 313
Let t(a) = -a**2 - 8*a + 10. Let n be t(-9). Let z be n/(-2)*(8 - 5 - 11). Suppose 284 = -2*i + z*i. List the prime factors of i.
2, 71
Suppose 522 - 4646 = -l + f, 20482 = 5*l + 18*f. What are the prime factors of l?
2, 29, 71
Let m(r) = -r**3 + r**2 + r + 3. Let x be m(0). Suppose 7*k + 1927 = x*f + 2*k, 0 = 4*f + 4*k - 2580. Su